 factors of 415331771?
37, 11225183
List the prime factors of 555016701.
3, 185005567
List the prime factors of 1332171434.
2, 11, 19, 29, 109897
List the prime factors of 120681701.
7, 103, 167381
List the prime factors of 6114407042.
2, 3057203521
List the prime factors of 8021325.
3, 5, 13, 19, 433
List the prime factors of 4786615191.
3, 631, 2528587
List the prime factors of 1621993669.
43, 307, 122869
What are the prime factors of 7481600179?
107, 1229, 56893
List the prime factors of 259246675.
5, 10369867
What are the prime factors of 2677866351?
3, 29, 3167, 9719
List the prime factors of 73782046.
2, 13, 31, 91541
List the prime factors of 195511044.
2, 3, 263, 61949
List the prime factors of 537919979.
3709, 145031
What are the prime factors of 188608441?
7, 23, 163, 7187
What are the prime factors of 25239269?
11, 208589
List the prime factors of 1361914938.
2, 3, 1091, 23117
List the prime factors of 114404535.
3, 5, 7, 121063
What are the prime factors of 4527727118?
2, 193, 557, 21059
What are the prime factors of 3887182563?
3, 11, 107, 521, 2113
List the prime factors of 737675414.
2, 7, 2029, 25969
List the prime factors of 12758113.
383, 33311
What are the prime factors of 2630540601?
3, 13, 173, 769
List the prime factors of 714673287.
3, 31, 43, 6619
List the prime factors of 30504091.
30504091
List the prime factors of 108029559.
3, 11, 439, 7457
List the prime factors of 49670367.
3, 16556789
List the prime factors of 35374203.
3, 3930467
What are the prime factors of 11623871?
7, 1660553
List the prime factors of 1118854447.
1399, 799753
What are the prime factors of 14889114?
2, 3, 31, 26683
What are the prime factors of 65506281?
3, 19, 1149233
What are the prime factors of 666696267?
3, 61, 773, 1571
What are the prime factors of 1967608459?
37, 53178607
List the prime factors of 133875567.
3, 7, 2125009
List the prime factors of 303384513.
3, 23, 4396877
What are the prime factors of 4381535455?
5, 11, 79664281
List the prime factors of 1198631239.
13, 719, 128237
What are the prime factors of 334084433?
37, 9029309
List the prime factors of 969423064.
2, 73, 1659971
What are the prime factors of 294092204?
2, 7, 101, 103993
What are the prime factors of 2321082225?
3, 5, 7, 11, 19139
List the prime factors of 84716021.
13, 6516617
What are the prime factors of 218829868?
2, 31, 1764757
List the prime factors of 3999913205.
5, 89, 8988569
What are the prime factors of 114425886?
2, 3, 1249, 15269
What are the prime factors of 386355362?
2, 17, 113, 227, 443
List the prime factors of 1007709689.
7, 37, 3890771
List the prime factors of 243701408.
2, 7615669
List the prime factors of 1410399255.
3, 5, 94026617
What are the prime factors of 151598189?
151598189
List the prime factors of 464075875.
5, 1423, 2609
What are the prime factors of 32471045?
5, 6494209
What are the prime factors of 296374320?
2, 3, 5, 11, 23, 1627
What are the prime factors of 1060931200?
2, 5, 7, 47363
What are the prime factors of 56009762?
2, 59, 474659
List the prime factors of 984871979.
7, 13, 167, 229, 283
List the prime factors of 13797533.
29, 475777
What are the prime factors of 3891131789?
23, 7333, 23071
List the prime factors of 694481738.
2, 347240869
List the prime factors of 38687031.
3, 229, 6257
What are the prime factors of 410686182?
2, 3, 859, 26561
What are the prime factors of 1595693?
11, 145063
What are the prime factors of 2087420718?
2, 3, 17, 20464909
What are the prime factors of 60507890?
2, 5, 1117, 5417
What are the prime factors of 24084327?
3, 8028109
What are the prime factors of 23156285?
5, 23, 201359
What are the prime factors of 28397336?
2, 11, 467, 691
List the prime factors of 1396686626.
2, 698343313
List the prime factors of 622717458.
2, 3, 11, 53, 178021
What are the prime factors of 38649831?
3, 11, 1171207
List the prime factors of 145556989.
307, 474127
List the prime factors of 454340912.
2, 17, 29, 239, 241
List the prime factors of 440286177.
3, 47, 3122597
List the prime factors of 72084440.
2, 5, 1279, 1409
What are the prime factors of 177123615?
3, 5, 31, 53, 7187
List the prime factors of 4708757229.
3, 11, 1179253
What are the prime factors of 2120817737?
53, 40015429
What are the prime factors of 427312605?
3, 5, 617, 46171
List the prime factors of 22044092.
2, 7, 787289
What are the prime factors of 72760544?
2, 17, 131, 1021
List the prime factors of 392430418.
2, 107, 1833787
List the prime factors of 3877511.
11, 31, 83, 137
List the prime factors of 1948071939.
3, 11, 17, 3472499
List the prime factors of 342457592.
2, 53, 229, 3527
List the prime factors of 174509131.
17, 37, 421, 659
What are the prime factors of 220421301?
3, 367, 200201
What are the prime factors of 168390213?
3, 56130071
What are the prime factors of 128166825?
3, 5, 17, 100523
List the prime factors of 1072347238.
2, 536173619
What are the prime factors of 7161300696?
2, 3, 11, 499, 54361
List the prime factors of 735040672.
2, 733, 31337
What are the prime factors of 1677904347?
3, 7, 149, 536243
What are the prime factors of 407675609?
11, 19, 587, 3323
What are the prime factors of 1269703565?
5, 13, 17, 1149053
List the prime factors of 161247756.
2, 3, 19, 23, 97, 317
What are the prime factors of 139137704?
2, 17392213
List the prime factors of 48009792.
2, 3, 250051
What are the prime factors of 82232608?
2, 19, 211, 641
List the prime factors of 1778237815.
5, 101, 107, 32909
What are the prime factors of 45054979?
45054979
List the prime factors of 13154287.
13154287
List the prime factors of 243596823.
3, 137, 592693
What are the prime factors of 21056696?
2, 167, 15761
List the prime factors of 7405142944.
2, 12653, 18289
List the prime factors of 292290676.
2, 37, 1974937
What are the prime factors of 4089408597?
3, 431, 1054243
What are the prime factors of 106354465?
5, 7, 17, 37, 4831
List the prime factors of 475091988.
2, 3, 7, 31, 37, 4931
List the prime factors of 16144715.
5, 3228943
What are the prime factors of 1745747472?
2, 3, 7, 23, 223, 1013
What are the prime factors of 31386215?
5, 7, 18301
What are the prime factors of 517410068?
2, 7, 18478931
List the prime factors of 993961161.
3, 4259, 25931
What are the prime factors of 30502308?
2, 3, 43, 59113
List the prime factors of 155678971.
7, 22239853
List the prime factors of 8569189.
8569189
What are the prime factors of 193526500?
2, 5, 293, 1321
List the prime factors of 221233470.
2, 3, 5, 7374449
List the prime factors of 105235154.
2, 691, 76147
List the prime factors of 19553508.
2, 3, 13, 19, 733
List the prime factors of 501740856.
2, 3, 17, 43, 9533
List the prime factors of 99573121.
99573121
What are the prime factors of 32271333?
3, 10757111
List the prime factors of 3530012709.
3, 1176670903
What are the prime factors of 170458478?
2, 179, 311, 1531
What are the prime factors of 864705985?
5, 11, 13, 1209379
What are the prime factors of 142640979?
3, 13, 337, 10853
What are the prime factors of 207852668?
2, 51963167
List the prime factors of 136463957.
7, 173, 112687
What are the prime factors of 716834467?
43, 109, 152941
What are the prime factors of 1047885014?
2, 11, 23, 29, 71411
What are the prime factors of 377424422?
2, 188712211
What are the prime factors of 57263921?
11, 13, 41, 9767
List the prime factors of 409016696.
2, 11, 29, 83, 1931
What are the prime factors of 293236018?
2, 41, 59, 60611
List the prime factors of 484310600.
2, 5, 2421553
List the prime factors of 3128501366.
2, 30593, 51131
What are the prime factors of 146361653?
17, 877, 9817
What are the prime factors of 1394394250?
2, 5, 5577577
What are the prime factors of 219367753?
11, 41, 47, 79, 131
List the prime factors of 24677062.
2, 61, 83, 2437
List the prime factors of 70878085.
5, 14175617
What are the prime factors of 30957362?
2, 15478681
List the prime factors of 45570296.
2, 313, 18199
List the prime factors of 63359893.
163, 388711
List the prime factors of 145440205.
5, 29088041
List the prime factors of 1894530956.
2, 473632739
What are the prime factors of 2120733398?
2, 7, 151480957
List the prime factors of 73212715.
5, 71, 206233
List the prime factors of 349181702.
2, 53, 1559, 2113
What are the prime factors of